hat is the greatest common factor of 178931931 and 3?
3
What is the greatest common factor of 6273 and 6951878?
697
What is the greatest common factor of 2561 and 522287779?
2561
Calculate the greatest common divisor of 280 and 12027134.
14
What is the greatest common divisor of 15752 and 87889?
179
What is the greatest common divisor of 14460 and 130803?
3
Calculate the greatest common divisor of 1519 and 1002106.
217
Calculate the greatest common divisor of 516 and 7790310.
258
What is the highest common divisor of 3336331 and 9995?
1999
What is the highest common divisor of 23802312 and 2056?
2056
What is the highest common factor of 228 and 2881977?
57
What is the greatest common factor of 53617959 and 591489?
10377
Calculate the highest common factor of 28331 and 27716.
41
Calculate the greatest common divisor of 167 and 2009.
1
Calculate the highest common divisor of 2343 and 2658666.
213
What is the greatest common factor of 6767 and 4012094?
67
What is the greatest common divisor of 281944 and 572?
52
What is the greatest common factor of 1635 and 10509453?
327
What is the greatest common divisor of 3553479 and 13446?
747
Calculate the highest common factor of 13096680 and 115.
5
What is the greatest common factor of 516534 and 2553?
69
What is the highest common factor of 4263644 and 438404?
508
What is the greatest common divisor of 1775 and 113742?
71
Calculate the highest common factor of 28917 and 95446449.
1071
What is the highest common divisor of 11 and 1046009624?
11
Calculate the greatest common divisor of 177 and 8583733.
59
What is the greatest common divisor of 84504 and 49574?
14
Calculate the greatest common factor of 41675100 and 300.
300
Calculate the highest common factor of 194 and 70909134.
194
What is the greatest common divisor of 1848 and 11230230?
66
Calculate the greatest common divisor of 4003050 and 3200.
50
Calculate the greatest common factor of 124706 and 21482.
46
What is the greatest common factor of 45380541 and 6507?
723
Calculate the greatest common divisor of 197 and 1580362171.
197
Calculate the highest common factor of 62937 and 8175006.
1701
Calculate the highest common divisor of 1713169 and 4086.
227
Calculate the highest common factor of 2616 and 1734844.
436
Calculate the highest common factor of 16733445 and 17880.
2235
Calculate the greatest common divisor of 8961917 and 14125.
113
What is the highest common divisor of 30108 and 110344?
52
What is the highest common divisor of 358900784 and 25236?
2804
Calculate the greatest common divisor of 7653726 and 2.
2
Calculate the greatest common divisor of 7349314 and 1976.
38
Calculate the greatest common divisor of 10857150 and 34500.
3450
Calculate the highest common factor of 1150320 and 61680.
240
Calculate the highest common divisor of 16625 and 108409000.
875
What is the highest common factor of 61384 and 15608?
8
Calculate the greatest common factor of 1640 and 206681.
41
Calculate the highest common factor of 275 and 2302058.
11
What is the highest common divisor of 273 and 14463176?
91
What is the greatest common factor of 45985 and 58709320?
2705
Calculate the greatest common factor of 4716 and 30852.
36
Calculate the greatest common divisor of 12408 and 397432.
376
Calculate the greatest common divisor of 1189 and 7475243.
1189
Calculate the greatest common factor of 328294130 and 40.
10
Calculate the greatest common factor of 12032865 and 1395.
45
What is the highest common factor of 4317 and 25529299?
1439
Calculate the highest common divisor of 221 and 29695497.
13
Calculate the highest common factor of 217722 and 140716.
554
Calculate the greatest common factor of 26620 and 6352863.
1331
Calculate the greatest common factor of 40 and 13803295.
5
What is the greatest common factor of 3680 and 33292040?
920
What is the highest common factor of 304 and 89920?
16
What is the highest common divisor of 113900 and 878169?
1139
Calculate the highest common divisor of 1515 and 84084015.
1515
Calculate the highest common factor of 51830989 and 5397.
1799
What is the greatest common divisor of 48 and 352122672?
48
Calculate the highest common factor of 309248499 and 162832.
10177
What is the highest common divisor of 4221 and 2803347?
603
What is the highest common factor of 95 and 179442080?
95
What is the greatest common divisor of 6509 and 872772?
283
What is the highest common divisor of 1455 and 3363378?
291
What is the greatest common factor of 22810362 and 1139?
17
Calculate the greatest common factor of 19687030 and 110.
110
Calculate the greatest common divisor of 11596 and 14636382.
446
What is the highest common divisor of 13262326 and 308?
154
What is the highest common factor of 16731957 and 3993?
33
What is the highest common divisor of 27948 and 806514?
102
Calculate the greatest common divisor of 2374546 and 7439.
43
What is the greatest common divisor of 2223766 and 1810?
362
Calculate the highest common factor of 28 and 6648082.
14
Calculate the highest common factor of 57485750 and 9630.
1070
Calculate the highest common divisor of 2185924 and 1742715.
4303
What is the highest common divisor of 1036 and 4933418?
14
Calculate the highest common divisor of 19509 and 4893.
21
Calculate the greatest common divisor of 20335 and 74309900.
2905
What is the greatest common divisor of 131760823 and 1261?
97
What is the highest common factor of 105 and 8310505?
35
What is the highest common divisor of 66 and 57689841?
33
What is the highest common factor of 71336 and 4634912?
1928
Calculate the highest common factor of 22180616 and 752.
376
What is the highest common divisor of 544 and 8429620?
68
Calculate the highest common divisor of 1814 and 179065382.
1814
What is the highest common factor of 1177916280 and 239?
239
Calculate the highest common divisor of 6708 and 105952.
172
Calculate the highest common divisor of 89124 and 69552.
84
What is the highest common factor of 2486065 and 126806?
3337
Calculate the highest common divisor of 121 and 493702.
11
What is the highest common divisor of 3106 and 62590559?
1553
Calculate the highest common factor of 1608 and 25082388.
804
What is the highest common divisor of 14161 and 12897101?
119
What is the greatest common divisor of 20660682 and 62272?
1946
What is the greatest common factor of 93 and 7952988?
93
What is the greatest common factor of 1385 and 5544155?
1385
Calculate the highest common divisor of 4009978 and 14.
14
What is the greatest common factor of 6945938 and 10956?
166
Calculate the greatest common factor of 111943 and 101041.
79
Calculate the greatest common divisor of 2306 and 599050.
2
What is the highest common divisor of 791954035 and 15?
5
What is the greatest common divisor of 15876515 and 555?
185
What is the greatest common factor of 195553 and 561189?
283
What is the greatest common factor of 21700 and 3222884?
868
Calculate the greatest common factor of 1316953 and 297.
11
Calculate the highest common divisor of 164176425 and 3675.
525
Calculate the greatest common divisor of 13764781 and 1445.
289
Calculate the highest common factor of 13307294 and 6006.
2002
What is the greatest common divisor of 3005613 and 5967?
351
What is the highest common divisor of 1688 and 1231909152?
1688
What is the highest common divisor of 50319488 and 32?
32
What is the greatest common divisor of 106480 and 94878520?
4840
Calculate the greatest common divisor of 1492939 and 4607.
271
What is the highest common divisor of 312919120 and 955?
955
What is the highest common divisor of 2352 and 2616272?
16
What is the greatest common factor of 257518 and 3434092?
778
What is the greatest common divisor of 64930905 and 1530?
765
Calculate the greatest common divisor of 3183 and 1617253653.
3183
What is the highest common divisor of 5590835 and 8854?
233
Calculate the greatest common factor of 1242 and 2776422.
138
What is the highest common factor of 156793722 and 744?
186
Calculate the greatest common factor of 151707 and 32054943.
2487
Calculate the highest common divisor of 590071191 and 876.
219
What is the greatest common factor of 5890 and 430730?
190
What is the highest common divisor of 28 and 1737708?
28
What is the highest common factor of 56748489 and 168?
21
Calcu